 414233 prime?
False
Is 308743 a prime number?
False
Is 26903 a composite number?
False
Is 13841 prime?
True
Is 578167 a composite number?
False
Is 1987 composite?
False
Is 291 prime?
False
Is 181333 prime?
False
Is 329941 prime?
True
Is 2129 a prime number?
True
Is 753 composite?
True
Is 19541 composite?
False
Is 15077 a composite number?
False
Is 797 a composite number?
False
Is 16757 composite?
True
Is 1356265 composite?
True
Is 12049 a composite number?
False
Is 73037 a composite number?
False
Is 8581 a prime number?
True
Is 29753 prime?
True
Is 372511 a composite number?
False
Is 48154 a prime number?
False
Is 30443 a composite number?
True
Is 811651 prime?
True
Is 2633 composite?
False
Is 613541 prime?
False
Is 215223 composite?
True
Is 555739 prime?
True
Is 50233 composite?
True
Is 10133 a composite number?
False
Is 36433 a prime number?
True
Is 16795 a prime number?
False
Is 537487 composite?
True
Is 424121 prime?
True
Is 34807 prime?
True
Is 264283 a composite number?
False
Is 73313 a prime number?
False
Is 168851 prime?
True
Is 554263 prime?
True
Is 2391769 a prime number?
True
Is 134471 a composite number?
False
Is 1727 a composite number?
True
Is 89923 a composite number?
False
Is 50261 prime?
True
Is 101201 prime?
False
Is 6626849 a prime number?
True
Is 353407 a composite number?
True
Is 1632335 a composite number?
True
Is 241993 a composite number?
False
Is 7631 a composite number?
True
Is 401627 prime?
True
Is 3119 composite?
False
Is 559231 prime?
True
Is 228077 a composite number?
False
Is 98057 a composite number?
False
Is 18869 composite?
False
Is 11243 composite?
False
Is 2195 prime?
False
Is 155627 prime?
True
Is 4817 a prime number?
True
Is 22733 a composite number?
True
Is 250777 composite?
False
Is 671777 composite?
False
Is 1198439 prime?
False
Is 47557 composite?
True
Is 171553 prime?
True
Is 301979 composite?
False
Is 550111 a composite number?
False
Is 66841 composite?
False
Is 446 a composite number?
True
Is 254 a prime number?
False
Is 24463 composite?
True
Is 127423 composite?
False
Is 32353 a composite number?
False
Is 523603 prime?
True
Is 91473 composite?
True
Is 68963 composite?
False
Is 12515 a prime number?
False
Is 3595 a composite number?
True
Is 29473 a composite number?
False
Is 430991 prime?
False
Is 1560445 composite?
True
Is 2949 prime?
False
Is 2921 prime?
False
Is 33127 a prime number?
False
Is 583 a composite number?
True
Is 397 prime?
True
Is 487 prime?
True
Is 48017 prime?
True
Is 312769 composite?
True
Is 30631 a prime number?
True
Is 9719 a composite number?
False
Is 145177 composite?
False
Is 78673 prime?
False
Is 23753 a prime number?
True
Is 12941 a composite number?
False
Is 23459 prime?
True
Is 902471 a composite number?
False
Is 7787 composite?
True
Is 3489 a prime number?
False
Is 19619 a prime number?
False
Is 701 prime?
True
Is 62683 a composite number?
False
Is 115298 a composite number?
True
Is 23099 prime?
True
Is 671581 a composite number?
False
Is 3787 a prime number?
False
Is 156347 a prime number?
True
Is 31454 a composite number?
True
Is 3641 a composite number?
True
Is 7151 a composite number?
False
Is 4381 prime?
False
Is 71107 a composite number?
True
Is 61261 composite?
False
Is 17309 prime?
False
Is 58202 prime?
False
Is 37831 a prime number?
True
Is 61135 composite?
True
Is 1650943 prime?
False
Is 689834 a composite number?
True
Is 58759 a prime number?
False
Is 286799 prime?
False
Is 8431 prime?
True
Is 2227909 a prime number?
False
Is 2179 composite?
False
Is 21647 composite?
False
Is 853 composite?
False
Is 126307 a composite number?
False
Is 17273 a composite number?
True
Is 10651 a prime number?
True
Is 25523 a prime number?
True
Is 2395 a prime number?
False
Is 15073 a prime number?
True
Is 12623 a composite number?
True
Is 468721 a composite number?
True
Is 22558 a composite number?
True
Is 3134771 prime?
True
Is 2109941 prime?
True
Is 55969 a composite number?
True
Is 45307 composite?
False
Is 21815 a prime number?
False
Is 97411 composite?
True
Is 16901 a prime number?
True
Is 188911 a prime number?
True
Is 3235 a composite number?
True
Is 66827 composite?
True
Is 55009 a composite number?
False
Is 55307 composite?
True
Is 30367 composite?
False
Is 303047 composite?
True
Is 29213 composite?
True
Is 240971 composite?
True
Is 108577 a composite number?
True
Is 564619 a composite number?
True
Is 329761 a prime number?
True
Is 6937 a composite number?
True
Is 3223 a composite number?
True
Is 55501 a composite number?
False
Is 2419049 composite?
True
Is 50965 prime?
False
Is 41651 prime?
True
Is 235811 a prime number?
True
Is 2819 prime?
True
Is 70939 a composite number?
True
Is 53569 composite?
False
Is 50923 prime?
True
Is 2265941 a prime number?
True
Is 87133 composite?
False
Is 201 a prime number?
False
Is 197737 prime?
False
Is 38026 a prime number?
False
Is 888623 prime?
True
Is 1628735 a composite number?
True
Is 445693 prime?
False
Is 386761 composite?
True
Is 4682 a composite number?
True
Is 104783 composite?
True
Is 2317 a composite number?
True
Is 568181 prime?
False
Is 8419 a prime number?
True
Is 197993 a prime number?
False
Is 5323 a prime number?
True
Is 178 a prime number?
False
Is 1642882 a prime number?
False
Is 5114 prime?
False
Is 6086515 a prime number?
False
Is 97241 a prime number?
True
Is 24341 prime?
False
Is 336953 composite?
True
Is 1017461 prime?
False
Is 26029 a prime number?
True
Is 5923 prime?
True
Is 180907 composite?
False
Is 1151 composite?
False
Is 637745 prime?
False
Is 4083 a prime number?
False
Is 241003 composite?
True
Is 9479 prime?
True
Is 1695989 prime?
True
Is 966111 a prime number?
False
Is 359311 composite?
False
Is 22677 prime?
False
Is 326429 a composite number?
True
Is 21787 composite?
False
Is 7433 a composite number?
False
Is 42621 a prime number?
False
Is 219353 prime?
True
Is 7369 composite?
False
Is 123649 a composite number?
True
Is 239477 a prime number?
False
Is 4271 composite?
False
Is 11197 prime?
True
Is 24686 prime?
False
Is 178463 composite?
True
Is 349459 a composite number?
True
Is 409 composite?
False
Is 3793 composite?
False
Is 97181 prime?
False
Is 699113 a prime number?
True
Is 1337 composite?
True
Is 798319 composite?
False
Is 757697 prime?
False
Is 314 a prime number?
False
Is 329383 a composite number?
True
Is 8915 prime?
False
Is 6677 a prime number?
False
Is 45817 a prime number?
True
Is 23509 a composite number?
False
Is 15395 a composite number?
True
Is 59119 prime?
True
Is 149237 prime?
False
Is 683 prime?
True
Is 6637 a prime number?
True
Is 2777 a composite number?
False
Is 373 prime?
True
Is 32179 prime?
False
Is 25031 a composite number?
False
Is 1128451 a composite number?
False
Is 6803 a composite number?
False
Is 5669 a prime number?
True
Is 2255863 a prime number?
False
Is 1073017 a prime number?
False
Is 1100203 composite?
True
Is 13603 prime?
False
Is 90749 a prime number?
True
Is 200971 a composite number?
False
Is 2478503 prime?
False
Is 22769 composite?
False
Is 12703 composite?
False
Is 15727 composite?
False
Is 26947 a prime number?
True
Is 104801 a composite number?
False
Is 221891 composite?
False
Is 1356581 prime?
False
Is 191441 composite?
False
Is 26977 a prime number?
False
Is 173846 composite?
True
Is 190487 composite?
True
Is 551689 a prime number?
True
Is 61015 a composite number?
True
Is 58585 a prime number?
False
Is 48217 composite?
True
Is 5737 prime?
True
Is 844351 prime?
True
Is 68167 a prime number?
False
Is 42729 a composite number?
True
Is 782407 prime?
False
Is 35747 prime?
True
Is 538819 a composite number?
True
Is 1288195 a prime number?
False
Is 94291 a composite number?
False
Is 1168457 prime?
False
Is 1319 a composite number?
False
Is 2750579 a prime number?
False
Is 753007 composite?
False
Is 7817 composite?
False
Is 38543 a composite number?
False
Is 460715 composite?
True
Is 1097 a prime number?
True
Is 16439 composite?
True
Is 985 prime?
False
Is 4399 a composite number?
True
Is 439165 a composite number?
True
Is 57221 composite?
False
Is 1946013 a composite number?
True
Is 28839 prime?
False
Is 17723 a prime number?
False
Is 33329 composite?
False
Is 50047 prime?
True
Is 46047 composite?
True
Is 862039 composite?
True
Is 4861 a prime number?
Tr